d**3 - 2*d**3 - 319 + 9*d**3 + 315 - 3*d**3. Give i(-4).
-8
Let b(z) = 19*z**2 + 118*z - 24. Let i(y) = 12*y**2 + 74*y - 15. Let o(c) = 5*b(c) - 8*i(c). Suppose -5 = 5*m + 10. Calculate o(m).
-3
Let r(h) be the first derivative of 4*h**3/3 + 11*h**2/2 + 299. What is r(-3)?
3
Let q(f) be the second derivative of 1/12*f**4 + 1 + 2/3*f**3 - 25*f + f**2. Determine q(-6).
14
Let i(d) = 6*d**2 - 7*d + 20. Let n(u) = -6*u**2 + 6*u - 21. Let s(q) = -3*i(q) - 2*n(q). Calculate s(2).
-24
Let t(x) = 6*x. Let m(i) = -2*i - 139. Let f be m(-31). Let d = f + 78. Give t(d).
6
Let s(h) = -71 + 97 - 16*h - 13 - 3*h**2 + h**3. Give s(6).
25
Let y(b) be the second derivative of -b**4/12 + 11*b**3/6 + 55*b**2/2 - 96*b. Determine y(14).
13
Let a = -12 + 5. Let j(d) = 901*d - 2. Let f(u) = -819*u + 2. Let p(l) = 11*f(l) + 10*j(l). Give p(a).
-5
Let h(f) = 54*f**3 - 54*f**2 - 3. Let r(s) = -11*s**3 + 11*s**2 + 1. Let g(i) = -h(i) - 5*r(i). Let t be 6/(3/(-12) - -1). Let n = -6 + t. Calculate g(n).
2
Suppose -5*a + 4 = -6 - 10. Let r(x) be the second derivative of x**2 - 1/2*x**3 - a*x + 0. Determine r(2).
-4
Let w = -120 - -132. Let v(z) = z**2 - 8*z - 37. What is v(w)?
11
Suppose -52*d + 102*d - 52*d = -26. Let o(u) = u - 12. Give o(d).
1
Let u(f) be the second derivative of -f**6/120 + f**5/60 + f**3/6 + 111*f**2/2 + 156*f - 2. Let p(t) be the first derivative of u(t). Determine p(1).
1
Let j(r) = 6*r. Let i(z) = -23*z + 2. Let y(n) = -i(n) + 5*j(n). Give y(-1).
-55
Let u(c) = 4*c + 44. Let v be -6*(0 - (-10)/6). Let m be u(v). Let r(b) = -b**3 + 5*b**2 - 4*b - 2. Determine r(m).
-2
Let c(m) = -m - 2. Suppose -3*i - 2*b + 12 = -b, 5*i - 2*b - 31 = 0. Suppose 2*u + 3*x = -49, 2*u = i*u + 5*x + 74. Let v = u - -17. Calculate c(v).
4
Let d(b) = -2*b**2. Let h(s) = 17*s**2. Let o(u) = -14*d(u) - 2*h(u). Let t be -3*4/24*(9 + -5). Determine o(t).
-24
Let d(g) = -2*g**3 - 6*g**2 + g + 1. Let x(z) = -13*z**3 - 38*z**2 + 65*z - 8. Let v(s) = -6*d(s) + x(s). What is v(-9)?
22
Let h(f) = f + 6. Let d be 0*(12/(-4))/3. Suppose d = 21*u - 17*u - 92. Suppose -u*z - 10 = -21*z. Calculate h(z).
1
Let p = -100 - -97. Let x be (p + 2)*2 - (-15 - -16). Let g be (7 + -5 + x/2)*2. Let s(m) = -m**2 + 1. Give s(g).
0
Let v(q) be the second derivative of 1/6*q**3 + 3/2*q**2 - 13*q + 2. Give v(-5).
-2
Suppose 5*i = h + 15, -5*h + 6*h + 2*i = 13. Suppose -2 + 5 = -2*s - 5*y, s + h*y - 1 = 0. Let o(k) = -k**3 - 2*k**2 + 6*k + 4. Calculate o(s).
12
Let h(i) = 27 - 32 - 3 + 2*i**2 + i**2 - 7*i + 20*i. Calculate h(-5).
2
Let c(n) = -4*n + 3. Let v be (0 + 4 - 6)/((-2)/(-5)). Let l be (-6)/(-4)*((-350)/15)/v. Let x be 1 - (-4)/2 - (l - 8). Give c(x).
-13
Let a(u) = -2*u + 6. Suppose x + 5 = 2*v - 7, -4*x = 4*v. Suppose 19 = v*s - g, 28 = 5*s - 2*g + 5. What is a(s)?
-4
Let r(t) be the first derivative of 6*t + 53 - 1/2*t**2. Suppose 3*j = 2*v - 6, -15 = -4*j - 2*v - 3*v. Give r(j).
6
Let t be (-96)/(-12) - (6 + 0). Let z(j) = -3*j**2 + 2*j**2 - 5 - j**t - 2*j**2 - j**3. Determine z(-4).
-5
Let u(v) = 11 - 4*v**2 - 105*v - 7 + 103*v - 275*v**3 + 276*v**3 + 9. What is u(3)?
-2
Let h(o) = -3*o**2 - 99*o - o**3 + 0*o**3 + 31*o + 3 + 32*o + 27*o. Determine h(-3).
30
Let g be (-4 - 0)/(168/378). Let c(f) = 65*f + 582. Give c(g).
-3
Let m(v) = -329*v + 146*v - 7 + 178*v + v**2. Give m(5).
-7
Let l = -9 + -23. Let h be 4/l + 23/(-8). Let x(f) be the second derivative of f**5/20 + 5*f**4/12 + f**3/2 - 2*f**2 - f. Give x(h).
5
Let y = -678 - -685. Suppose 2*m = 4*w + 24, 0 = -6*m + 4*m - w + 14. Suppose y*z = -m - 6. Let a(f) = f**3 + 4*f**2 + 4*f + 2. Calculate a(z).
2
Let q(x) be the first derivative of 2*x**3/3 - 2*x**2 - x - 19. Let b be (23 + -25)/(4*6/(-24)). Calculate q(b).
-1
Suppose 69*q - 160 = 875. Let p(l) = 14 - 4*l + l + 4*l - 1 - q*l + l**2. Determine p(13).
0
Let v(s) be the second derivative of -3*s**3/2 + 41*s**2/2 + 28*s - 85. Calculate v(5).
-4
Suppose 772 = -237*u - 887. Let f(p) = -p**3 - 7*p**2 - 6*p - 11. Calculate f(u).
31
Let q be -3*(0 + (4 - 5)). Suppose 0 = 5*r - 4*a - 18, 0 = -q*r - 5*a - 2 + 35. Suppose -l = 1 - r. Let x(z) = -z**3 + 6*z**2 - 6*z + 2. Determine x(l).
-3
Let z(l) = -2*l**2 + 12*l + 58. Let i be z(-4). Let d be (-4)/i - 873/(-99). Let v(y) = y**3 - 10*y**2 + 11*y - 7. Determine v(d).
11
Let i(h) be the first derivative of 28*h + 1/2*h**2 - 17 - 1/3*h**3 + 1/4*h**4 + 1/20*h**5. Let s(q) be the first derivative of i(q). Determine s(-3).
7
Suppose 2 - 17 = -3*p. Let h(z) = 2*z**2 - 35*z - 276. Let w be h(-6). Let a be p + w/9 + 44/(-12). Let m(b) = b**3 - 3*b**2 + 2*b - 2. Determine m(a).
-2
Let r be (-13 + 1 - 5)*1. Let o(d) = -2*d**2 - 36*d - 37. Give o(r).
-3
Let s(h) = h + 27. Suppose 0 = -121*q - 607 - 482. Calculate s(q).
18
Let t(p) = 3*p**2 - 2*p**2 - 5623 + 5620. Let f be 2/(-8) - 45/(-4). Let u = 14 - f. What is t(u)?
6
Let m(a) be the second derivative of -a**7/630 + a**6/360 + a**5/120 + 91*a**4/12 + a**2/2 - 9*a. Let z(u) be the third derivative of m(u). Calculate z(2).
-11
Let a(z) = z**3 - 8*z**2 + 6*z - 1. Let x(f) = f**3 + 22*f**2 + 22*f + 28. Let i(d) = 45*d - 6 - 26*d - 24*d. Let y be i(3). Let g be x(y). What is a(g)?
-8
Let f(o) be the first derivative of -o**4/4 + 3*o**3 - o**2/2 + 6*o - 3. Suppose 160*p + 81*p - 536 - 1633 = 0. What is f(p)?
-3
Let l(p) = 73 + 8*p**2 + 23*p - 5*p**2 - 2*p - 2*p**2 + 0*p**2. Determine l(-17).
5
Let y(t) be the first derivative of -t**3 + 79*t**2/2 - 30*t - 2517. What is y(26)?
-4
Suppose 2*i + 122 = 130. Let x(h) = 0 - 331*h + i - h**2 + 331*h. What is x(-3)?
-5
Let k(d) be the first derivative of -17*d**2/2 + 74*d - 8953. Calculate k(5).
-11
Let m(x) be the third derivative of -x**5/60 - 5*x**4/24 - 3*x**3/2 - 2*x**2. Suppose 2*l - 4*l - 5 = -3*f, 0 = -4*f - 4. Calculate m(l).
-5
Let a(u) be the third derivative of -u**5/60 + 11*u**4/24 - 7*u**3/6 - 17*u**2 + 2. Let y(g) = -2*g**3 - g**2 + 3*g + 5. Let s be y(-2). Determine a(s).
-7
Suppose 2*w - n - 7 = -4*n, 2*n = 4*w + 26. Let c(r) = r**2 + 7*r - 56. Let t be c(-12). Let l(p) = -p**3 + 16*p**2 - 19*p**2 + t*p - 5 - 5*p + p. Give l(w).
11
Let x(f) = 16*f**3 + 30*f**2 - 116*f + 2. Let v(j) = -5*j**3 - 9*j**2 + 36*j - 1. Let m(z) = -10*v(z) - 3*x(z). Calculate m(-4).
-76
Let c(d) = 541*d**2. Let q be c(1). Suppose -21 = -2*f - g, 13*f + 3*g = 8*f + 54. Let h(x) = -f - 536*x + q*x + 2 + x**2. Determine h(-5).
-7
Let d = 4 + -9. Let h(o) be the first derivative of o - 141 + 1/2*o**2. Give h(d).
-4
Let m(z) = -22 + 23 - 2994*z**2 - z + 2996*z**2 + z**3. Let i(r) = r**2 + 4*r - 3. Let a be i(-4). Calculate m(a).
-5
Let l(y) = -14*y**2 + 10*y - 10. Let w be (1 - 5) + 6 + (-5 - -9) + -5. Give l(w).
-14
Let u(q) = 8*q - 24*q + 24*q. Let n(x) = x**3 + 5*x**2 - 7*x - 2. Let y be n(-6). Let a(g) = -g**3 + 3*g**2 + 6*g - 6. Let h be a(y). Determine u(h).
16
Suppose 40*t + 201 = 41*t + 3*o, -2*o = 4. Let v = t + -203. Let i(l) = -l**2 - l + 1. Calculate i(v).
-19
Let o(j) = j - 1. Let y(c) = -9*c - 5. Let d(l) = -5*o(l) + y(l). Suppose 20*r + 5*k = 24*r - 63, 39 = 2*r - 5*k. Let w be 2 + 14/84 + (-14)/r. Give d(w).
-14
Let l = -18139 + 18121. Let n(p) = -p**2 - 7*p + 185. Calculate n(l).
-13
Let g(b) = -b**2 + 5*b - 12. Let d be g(6). Let o(s) = -s**3 - 17*s**2 + 25*s + 136. Let n be o(d). Let p(h) = h**2 - 10*h. Calculate p(n).
0
Let r(j) = -j**2 + j - 7. Let y be 3*(-24)/396 - (-158)/22. Calculate r(y).
-49
Let j(w) = 23 - 15*w + 100*w**3 + 0 + 21 + 47*w - 101*w**3 - 29*w**2. Give j(-30).
-16
Let m(h) = -34*h**2. Let z(y) = -y**2 + 6*y + 28. Suppose -80 = -9*q + 1. Let b be z(q). What is m(b)?
-34
Let q(x) = -x**3 - x**2 + 4 + x**2 + 0*x + 5*x - 9*x**2 - 11. What is q(-9)?
-52
Let k(q) be the third derivative of -q**7/1680 + q**6/240 + 3*q**5/4 - 26*q**2. Let l(w) be the third derivative of k(w). What is l(5)?
-12
Let n = 103 - 103. Let y(m) = -39 - m**2 + 30 + 7 + m + m**3. Calculate y(n).
-2
Let i(a) = 343 - a - 109 - 127 - 107. Suppose -3*u = w + 7, 3*u - w = -3 - 2. Let b = u + 6. Give i(b).
-4
Suppose 0 = -308*c + 106*c - 193*c + 5530. Let a(j) be the first derivative of -j**2/2 + 5*j - 1. Give a(c).
-9
Let w(s) = -s**3 + 6*s**2 + 6*s + 2. Let c be -4*(-8 - 1 - 0). Let u be (49/(-21))/((-2)/c). Suppose -p + u = 5*p. Determine w(p).
-5
Let u(c) = -2*c**3 -